4*j - 4*a. Let v = j - -86. Is v a prime number?
False
Suppose 2*a + 686 = y, -342 = a + 5*y - 6*y. Let l = 243 - a. Is l a composite number?
False
Suppose 0 = 4*l - 5*h - 5, 4*h + 4 = -5*l. Suppose -3*u = 9*f - 6*f - 13311, 3*f - u - 13327 = l. Is f a prime number?
True
Let k(n) = -4*n**2 + 2*n + n**3 - 3 - 6 + 7. Let b be k(4). Let d(u) = 34*u + 19. Is d(b) a prime number?
True
Let d = 99 - 95. Suppose w = -w - 2*g + 6992, d*w - 14005 = 3*g. Is w a composite number?
False
Let p = 598812 + -3361. Is p a composite number?
False
Is 43/((-559)/(-160446)) + 1 a composite number?
False
Suppose -1561243 = -63*w + 13302284. Is w prime?
False
Let z be ((20 - -2)/(-2))/(-33 + 32). Let p = z - -1076. Is p composite?
False
Suppose -11 - 7 = 3*j + 2*o, 4*o = 2*j - 4. Let x(r) = -5*r**3 + 10*r**2 + 4*r + 5. Is x(j) a prime number?
False
Suppose 2*i + 55*f - 60*f = 402048, 4*f + 201033 = i. Is i composite?
True
Suppose -243297 - 181669 = -113*d - 93989. Is d composite?
True
Suppose 0 = -2*v + d + 112975, 2*v + 4*d = 28838 + 84152. Is v composite?
False
Let v be (10/1 + -43)*(-3272)/6. Let q = v + -10713. Is q a composite number?
False
Suppose -k = -2*w - 6767, 5*k - 9*k + 27050 = -2*w. Is k a prime number?
True
Let o(t) = -19*t - 75. Let p(k) = -42*k - 151. Let a(x) = 5*o(x) - 2*p(x). Is a(-9) a composite number?
True
Let p be 9 - 0 - (1 - (1 - 4)). Suppose 2227 = i - 3*n, -i - p*n = -4*i + 6681. Is i prime?
False
Let w(m) = 6*m**3 + 3*m**2 - 3*m + 1. Let z be w(1). Is -5 + (z/(-28) - 32737/(-4)) prime?
True
Is (-145)/(-1015) - (-2850804)/14 prime?
False
Suppose 0 = -92*y - 25*y + 122201722 + 3257495. Is y prime?
True
Suppose -5313178 = -408*t + 382*t. Is t composite?
False
Let k = 3838 - 2120. Suppose -10*w - 1286 = -3*p - 9*w, 2*w + k = 4*p. Is p a prime number?
False
Let z = 1182552 + 111901. Is z a composite number?
False
Let d = -359872 - -539651. Is d a prime number?
True
Suppose 4*v = 7*v + j + 3659, -3*v + j - 3655 = 0. Let h = -451 - v. Let b = h + -470. Is b composite?
True
Suppose 0 = 17*d - 28*d + 974677. Is d a composite number?
False
Let o(u) = 2*u**2 + 1. Let p(v) = -16*v**2 - 38*v + 76. Let c(h) = -3*o(h) - p(h). Is c(25) a prime number?
True
Let m be (0 + -3)/((-2)/2). Let z be (-2)/((-4)/m) + (-160385)/(-10). Suppose -4*i - z = -12*i. Is i a prime number?
False
Let k(v) = -190*v**3 - 12*v**2 - 17*v + 13. Let t(d) = d**3 + d**2 + 4*d - 1. Let q(w) = k(w) + 3*t(w). Is q(-5) a composite number?
True
Suppose -32*b + 28*b + 44 = 0. Suppose -b*w - 13096 = -19*w. Is w a prime number?
True
Let w = 345 - 340. Suppose -5*r + 23369 = 4*s - 16258, -w*r + 49540 = 5*s. Is s a prime number?
False
Let i(x) = 7 - 65*x**2 + 4*x + 161*x**2 - 2*x. Suppose -8 = -17*l + 43. Is i(l) composite?
False
Let c be -11 + (0 - -5) - -6. Suppose -r + 4*q = 3*q - 6, 4*r - q = 21. Suppose 5*b = c, 3*b + 1085 = r*i - 440. Is i prime?
False
Let o(s) = -5*s**3 + 12*s**2 - 24*s - 101. Is o(-24) prime?
True
Let v(x) = 573*x**2 + 10*x + 2. Let u be v(2). Let y = 5477 - u. Is y a prime number?
True
Let i(f) be the first derivative of f**5/60 - 3*f**4/8 - 5*f**3/6 + 11*f**2 + 5. Let a(j) be the second derivative of i(j). Is a(-17) a composite number?
True
Suppose -3*x - 5*w = -3*w - 944, 3*x = -3*w + 939. Suppose 323*q = x*q + 38235. Is q composite?
True
Suppose 3*h = 6*h - 2*q - 241305, -q + 241305 = 3*h. Is h composite?
True
Suppose -10 = r + 4*y, 0 = -0*r + 4*r + 5*y + 7. Suppose 5*d - 15 = 0, -922 + 8712 = 4*c - r*d. Is c a composite number?
False
Suppose 0 = 3*w - r - 8, -3*w - 11 + 17 = -3*r. Is ((-18328)/(-24))/(1/w) a composite number?
True
Let f = -183866 - -377881. Is f a prime number?
False
Is (2 + (385/28)/(-11)*590)*-118 a composite number?
True
Let j(f) = -36873*f - 592. Is j(-5) a prime number?
False
Let u(h) = -28*h**3 + 7*h**2 - 21*h - 73. Let r be 24/16*(-14)/3. Is u(r) prime?
False
Suppose y + 5*z = 35, -3*y = -2*y + 2*z - 23. Suppose y*m = 19*m - 1696. Suppose 0 = 3*t - w - 354 - m, -t = -w - 260. Is t prime?
False
Suppose -9*s - 57*s + 1042257 = -2144817. Is s composite?
True
Let v(c) = c**3 - 4*c**2 + 18*c - 14. Suppose 31*y = 12*y + 171. Is v(y) prime?
False
Suppose -d + 30 = -9. Suppose -4*a - d = -3*j, -a - 72 = 4*a + 4*j. Is (-1)/6 - 1430/a a composite number?
True
Let w be ((-27)/(-81))/(2/21828). Suppose -n = g - 3384, n - 3*g - w + 234 = 0. Is n prime?
True
Suppose 2*i + 366775 + 17444 = 3*m, -2*m + i + 256148 = 0. Is m composite?
True
Let x(b) = -b**2 + 11*b + 12. Let r be x(10). Let h = r - 20. Is 5/(10/h)*359 composite?
False
Suppose -5*a - 2*y + 4 = -14, -5*y = -20. Suppose -2*g + 1498 = -a*i + 6*i, 4*i + 2197 = 3*g. Is g prime?
True
Let f(l) = -3*l**3 - 6*l**2 + 4. Let t be f(-2). Suppose t*j - 237 - 339 = 4*a, 723 = 5*j - 2*a. Is j prime?
False
Let n(z) = 537*z**2 + 71*z - 185. Is n(3) composite?
False
Let u(h) = h**3 - 31*h**2 + 34*h - 41. Let z be u(30). Suppose -9*i + z = 16. Suppose i*m + 7320 = 9*m + 2*s, 0 = -2*m + 3*s + 7315. Is m prime?
True
Suppose 647 - 77028 = -u + 5*b, -4*u - 5*b + 305424 = 0. Is u a composite number?
True
Let b = -1362 + 2529. Let i = b + 1345. Let x = 3795 - i. Is x composite?
False
Is (2 - 39/26)*491518 a composite number?
False
Suppose 2*g + 3*d = 4873, -3*d - 8018 = -4*g + 1701. Let u = g - -1566. Suppose -x + o = 3*o - 1004, 4*x + 2*o - u = 0. Is x composite?
True
Suppose -1597773 - 1667306 - 1569866 = -115*t. Is t a prime number?
True
Suppose -20*p + 132565753 + 78895693 = 386*p. Is p prime?
True
Suppose 0 = -49*w + 47*w + s + 82230, 0 = w - s - 41113. Is w composite?
False
Let r = 2927252 + -2004013. Is r a composite number?
False
Let x = 339 + -345. Let n(t) = -2704*t - 41. Is n(x) a composite number?
False
Let i(w) = -3 + 54*w + 17 - 2. Let g be i(6). Suppose -5*j - 46 = -g. Is j a prime number?
False
Suppose -j + 31 - 28 = 0. Suppose j*m + 4*i = 16535, 4*m + 5*i = 19278 + 2769. Is m composite?
True
Let k(d) = 14*d - 2. Let r be k(4). Let t = 52 - r. Is ((-30)/(-4))/((-1)/(-30)) + t composite?
False
Let d(m) = -m - 9. Let i be d(-13). Let b be i/(-3) + 12/9. Suppose h + 3*k = -2*k + 72, b = -5*h + k + 334. Is h composite?
False
Suppose 36*x - 47*x = -26*x + 716655. Is x prime?
True
Let t(p) = 17498*p - 895. Is t(22) composite?
False
Suppose 0 = -3*a - 5*y + 825326, a + 2*y - 221255 = 53852. Is a prime?
False
Suppose -257504 = -8*x + 34*x. Let z = x - -15065. Is z composite?
True
Suppose 0 = 12*c - 0*c - 108. Suppose 0 = 4*v - 4*m - 6624, c*v - 8279 = 4*v + 4*m. Is v a composite number?
True
Let y(f) = -f**3 - 3*f**2 - 3*f - 7. Let o be y(-4). Let i be 2601/o - (-1)/7. Suppose i = 2*j + 4*q - 114, -3*q + 115 = j. Is j a prime number?
True
Suppose -h = -12 + 9. Let g(z) = 118*z**2 - 10*z + 5. Is g(h) a composite number?
True
Let x = -219 - -220. Is ((-12340)/(-12) - x)/((-6)/(-9)) a composite number?
True
Let k = -505 - -709. Let i = 875 - k. Is i a prime number?
False
Suppose f - 2 = -p, -p + 6*p - 20 = 5*f. Let l(d) = 2413*d**2 - 2. Is l(f) prime?
True
Suppose -11*q = -21 - 12. Suppose 0 = q*u - 5*m - 19112 + 2571, 0 = 2*u + 5*m - 10994. Is u a composite number?
False
Let z = 636 + 426. Suppose 0 = -2*x + 1112 + z. Is x composite?
False
Let w = -82465 - -165956. Is w a composite number?
True
Let c be (1/((-5)/30))/(3/(-8)). Let q(x) = -3*x + 52. Let u be q(c). Suppose -m + 2*y + 489 = 6*y, u*m - 4*y = 1916. Is m prime?
False
Let h(k) = -15*k**3 + 7*k**2 + 31*k - 22. Is h(-15) a composite number?
False
Let p(a) = 134*a - 28. Let o be p(2). Let g = 871 + o. Is g a prime number?
False
Suppose 355*q - 2*t - 60904 = 353*q, -60910 = -2*q + 4*t. Is q prime?
True
Let n be (-5887448)/(-336) + (-1 - 10/(-12)). Let d = 33141 - n. Is d prime?
True
Suppose -20*b + 3*t = -18*b - 163012, 5*t + 163008 = 2*b. Is b composite?
False
Let o(s) = -14205*s - 2551. Is o(-6) a prime number?
False
Let f(j) = -3*j**3 + 0*j**3 + 3 - j + 10*j**2 + 4 + j**3. Let k be f(5). Suppose k*d = -3*h - 2*h + 3274, 3*d - 5*h - 4911 = 0. Is d a prime number?
True
Suppose -2*g + j + 16 = -0*g, 0 = -4*g - 4*j + 8. Let f be (-44)/(-66) + 26/g. Suppose n + 5*a = 1136, f*n + 3*a - 1332 - 4414 = 0. Is n composite?
False
Suppose 3*c - 302555 = -2*j, -4*j - 5*c + 570149 + 34958 = 0. Is j a composite number?
False
Let k(p) = -p**2 + 8*p. Let r be k(6)